-x + 9. What is the remainder when 21 is divided by k(-1)?
1
Suppose 0 = 2*r + 4 - 8. Let i = 21 + -17. Calculate the remainder when i is divided by r.
0
Calculate the remainder when 170 is divided by (1*(-86)/(-4))/(3/6).
41
Let v = 10 - 5. Calculate the remainder when 12 is divided by v.
2
Let x = -6 - -16. Suppose 4*v - 355 = 3*m, -m = -5*v + 2*m + 446. Suppose 6*d - o = d + v, -2*o - 38 = -2*d. What is the remainder when d is divided by x?
8
Suppose 2*z - 62 = -4*m + 7*z, -2*m + 28 = -4*z. What is the remainder when 50 is divided by m?
14
Let i be (-4 - -7)*(-2)/6. Let b = 2 + i. What is the remainder when b*3 + 16 + -1 is divided by 10?
8
Let f(z) = z**2 - 3. Let s(b) = -b**3 + b**2 - 1. Let q be s(2). Let h = -2 - -8. What is the remainder when f(q) is divided by h?
4
Suppose 0*k + 4*o - 6 = k, -o + 8 = 3*k. Suppose 7 + 3 = k*m. What is the remainder when m is divided by 2?
1
Let p(u) = -u**3 + 6*u**2 + 4. Let z be p(6). Let d = 40 + -77. Let n = z - d. What is the remainder when n is divided by 14?
13
Suppose 3*t - 2*t - 4*u = 0, u = 5*t - 76. Let w be t/(-88) + 57/11. Suppose -w*o + z = -32 - 55, -9 = -3*z. What is the remainder when o is divided by 10?
8
Let o = 87 + -46. Calculate the remainder when o is divided by 21.
20
Suppose -2 = -3*f + 103. Calculate the remainder when 242 is divided by f.
32
Let f be 3*2/(6/21). Suppose -5*o - j = 2*j - f, 5*o + j - 27 = 0. What is the remainder when o*(0 + 2/6) is divided by 1?
0
Let p = -116 + 181. Calculate the remainder when p is divided by 22.
21
Calculate the remainder when 53 is divided by 2*((-25)/(-2) - -1).
26
Suppose 0 = 3*z + z - 48. Suppose -b - z = -28. What is the remainder when b is divided by (-11)/33 + 28/3?
7
Suppose -2 - 2 = 2*w. Suppose -88 = -5*c + 37. Calculate the remainder when c is divided by (-27 + 1)*1/w.
12
Let f(a) = 23*a - 29. What is the remainder when f(5) is divided by 29?
28
Suppose 0 = -3*x - 5*k + 168, 2*k = -2*x + 69 + 43. Suppose -4*s + 61 = -15. Calculate the remainder when x is divided by s.
18
Suppose 3*x - 188 - 79 = 0. What is the remainder when x is divided by 10?
9
Let n = -77 - -123. What is the remainder when n is divided by 6?
4
Let x be 1/6*3*146. Suppose 17 = 5*v - x. Calculate the remainder when 34 is divided by v.
16
Let l(o) = 7*o - 3. Suppose -2*w - 3*h - 135 = 2*h, -2*w = -h + 129. What is the remainder when (w/(-15))/((-1)/(-12)) is divided by l(3)?
16
Suppose 3*c + 6 = j - 11, c = -5. Suppose 3*n = -4*q + 26, -3 = -j*q - 5. What is the remainder when n is divided by 4?
2
Suppose 5*s = 2*j - 106, 37 = 4*j + 4*s - 175. What is the remainder when j is divided by 14?
11
Let k = 39 - -9. Calculate the remainder when k is divided by 13.
9
Let q = 52 + -22. Suppose 0*v = -2*v + q. Suppose -2*s = s - v. What is the remainder when 14 is divided by s?
4
Let t = 3 - 1. Calculate the remainder when 38 is divided by (0 - 13)/((-2)/t).
12
Suppose 2*z + 2 = 3*z. Suppose 1 = k - z. Calculate the remainder when (126/k)/2 - -2 is divided by 12.
11
Let m(j) = j**3 + 6*j**2 + 4*j - 7. What is the remainder when 47 is divided by m(-3)?
7
Let n(f) = f**2 - 12*f + 7. Let i(q) = -1 - 3 + 4*q + 2. Let g(w) = 7*i(w) + 2*n(w). Calculate the remainder when g(3) is divided by 16.
14
Let l = 11 + -13. Calculate the remainder when 32 is divided by l + 26*3/6.
10
Let x be 3/((-6)/(-22)) - 2. Let n = 0 + x. Suppose 0 = -2*a - 2*y - 4, 4*a = 5*y + 45 - 8. What is the remainder when n is divided by a?
0
Suppose 5*i - 10 = -0*i. Let f = i - -1. Suppose -41 = f*g - 125. What is the remainder when g is divided by 10?
8
Let t = 11 + -19. Let i be (1 - 0)/(-2)*t. Suppose 2*y - 18 + i = 0. Calculate the remainder when y is divided by 3.
1
Let q(n) = -3*n - 8. Suppose x - 2 = -7. What is the remainder when q(x) is divided by 5?
2
Let w = 15 - 13. What is the remainder when 4 is divided by w?
0
Let w(f) = -4*f + f + 3 - 7*f**2 + 5*f**2 + 2*f**3. What is the remainder when w(2) is divided by 4?
1
Suppose 4*s + 2*j = j + 40, -5*s + 75 = -5*j. Calculate the remainder when 31 is divided by s.
9
Suppose 0*c = -c + 4*o + 75, -5*o + 258 = 4*c. What is the remainder when c is divided by 14?
11
Let o be 2*-2 - 1 - -1. What is the remainder when 13 is divided by -1*(o - 0) + 1?
3
Suppose -49 = -2*c - 9. What is the remainder when 56 is divided by c?
16
Suppose 4*q - 5*m + 45 = 0, -5*q + 10*q + 66 = 3*m. Let i = q - -25. Let b(z) = 4*z - 2. What is the remainder when i is divided by b(2)?
4
Calculate the remainder when (84/(-8))/(-1 - (-4)/8) is divided by 6.
3
Let i(s) = -s**3 - 13*s**2 - s - 11. Let x be i(-13). What is the remainder when x - (1 + (1 - 90)) is divided by 23?
21
Suppose 5*t + 3*l = 250, -50 = -3*t + 2*t + 5*l. What is the remainder when t is divided by 13?
11
What is the remainder when 69 is divided by (-6)/24 + 290/8?
33
Let x(n) = -n**2 - n + 23. Calculate the remainder when x(0) is divided by (-2)/(1*1/(-4)).
7
Let u = -46 + 87. Suppose 5*x + 4*t = u, 4*x - 2*t = 3*t + 41. What is the remainder when 25 is divided by x?
7
Let k(i) = -i**3 + i + 2. Let u be k(0). Suppose 12 + 3 = 5*d. What is the remainder when (6/u - -2) + 2 is divided by d?
1
Let k be 1/4 - 90/(-24). Suppose -3*m + 5*p = m - 52, -5*p - 20 = 0. Let c = m + k. What is the remainder when 23 is divided by c?
11
Let j = -10 + -16. Calculate the remainder when 37 is divided by j/(1 + 3*-1).
11
Let o = -21 + 53. Let h(f) = f + 4. Let k be h(0). Suppose 32 = 3*y - z, 1 + k = 5*z. What is the remainder when o is divided by y?
10
Calculate the remainder when 18/(-8)*(1904/(-21) + 8) is divided by 47.
45
Suppose 2*v + 34 = -m + 4*m, -2*m - 3*v = -14. Suppose g + 12 = 4*g. Let r = g + -1. Calculate the remainder when m is divided by r.
1
Let v(q) = -3*q + q + 3*q. Calculate the remainder when 8 is divided by v(3).
2
Suppose 0 = w - 4*w + 6. Suppose c - 28 = -3*z, z + w*z = -2*c + 41. What is the remainder when c is divided by 7?
6
Suppose 237 = -5*r + 857. Calculate the remainder when r is divided by 16.
12
Let s = -9 - -16. Calculate the remainder when 20 is divided by s.
6
Let v = 66 + -62. Suppose 5*q + 7 - 81 = -3*o, -2*o - 4*q + 52 = 0. Calculate the remainder when 49 is divided by v/o - (-604)/36.
15
Let i = 5 + -6. Calculate the remainder when 15*(i - 1 - -3) is divided by 4.
3
Suppose 3*f - 24 = -3. Let a(t) = t**2 - 4*t - 8. What is the remainder when 38 is divided by a(f)?
12
Suppose -5*r + 64 = 4. Let n = -12 + -2. What is the remainder when (-4)/n - 236/(-7) is divided by r?
10
Suppose 4*q + 3*h - 141 = q, -4*q = -h - 178. Suppose -q = -4*k + 71. Let p(n) = 3*n**2 - 2*n + 2. What is the remainder when k is divided by p(2)?
9
Let h = 151 + -46. What is the remainder when h is divided by 27?
24
Suppose 13*m = -9*m + 330. Let t(x) = 7*x**2 + 3*x + 3. Calculate the remainder when t(-3) is divided by m.
12
Let f(v) = v + 10. Suppose 3*m - 98 = -5*t, -t - 2*m + m + 20 = 0. Calculate the remainder when t is divided by f(-5).
4
What is the remainder when (-9)/(-3) + (6 - -2) is divided by 11?
0
Let i = -83 - -177. Calculate the remainder when i is divided by 32.
30
Let q be (2 + -1)/((-1)/7). Let n = -3 - q. Suppose -3*w + 8 + n = 0. What is the remainder when 7 is divided by w?
3
Calculate the remainder when 9 - ((-1)/(-1) - 2) is divided by 5 + -3 - (-2)/1.
2
Suppose -2*y = -14 - 4. Suppose 0 = 9*g - 5*g - 8. What is the remainder when (g/4)/(11/374) is divided by y?
8
Let s = 63 + -3. Calculate the remainder when (s/(-35))/(1/(-7)) is divided by 7.
5
Let w(p) = 6*p**2 + p + 1. What is the remainder when (-2)/(-1 + 0) + 15 is divided by w(-1)?
5
Let i be (6/18)/(-1*(-1)/(-3)). Let j be (2 + -2 + 1)/1. Calculate the remainder when 18 is divided by j/((-9)/10 - i).
8
Suppose 2*n - 18 = 4*w, -3*n + 7*w - 2*w + 27 = 0. What is the remainder when 35 is divided by n?
8
Let z(l) = l**3 + 5*l**2 + 2*l + 4. What is the remainder when 178 is divided by z(-4)?
10
Let k(u) = -2*u**3 + u**2 + 3*u + 1. Calculate the remainder when 28 is divided by k(-2).
13
Let t = 7 + -3. Let l(b) = -b**3 + 3*b**2 + 4*b + 4. Let q be l(t). What is the remainder when 16 is divided by 35/4 - q/(-16)?
7
Let v be 44*(4 - (-9)/(-12)). Suppose 133 = 6*r - v. Calculate the remainder when r is divided by 16.
14
Suppose t - 4*k - 23 = 24, -4